2 + 3*f - 98. What is w(o)?
6
Suppose k + 4*y = 16, 4*y = -1 - 3. Let v be 3/(-30) + 102/k. Let p(x) = x**2 - x - 4. Calculate p(v).
16
Let q(d) be the second derivative of -d**5/20 - d**4 - 2*d**3 + 5*d**2 - 140*d + 2. What is q(-11)?
21
Let w = -34 + 26. Let r = 17 + w. Let q(m) = 1 + 10 + 2*m**2 - 8*m - 10*m**2 + r*m - m**3. Determine q(-8).
3
Let k(i) = 73*i - 649. Let f(a) = -166*a + 1461. Let g(z) = -9*f(z) - 20*k(z). What is g(5)?
1
Let u = -2669 + 2672. Let f(h) be the second derivative of 15*h + 0 - 1/3*h**4 - 5/6*h**u + 1/20*h**5 - 3/2*h**2. What is f(5)?
-3
Let c(n) = -n**2 - 17*n + 21. Let b(g) = 71*g + 4102. Let i be b(-58). Determine c(i).
37
Suppose 16*j - 735 - 353 = 0. Let r(v) = 36*v + 7 + 29*v - j*v. Let o(q) = -q + 2. Let p be o(-4). Determine r(p).
-11
Suppose -38*z = -75*z - 148. Let f(q) = 9*q**2 - 8*q**2 - 5*q - 6*q**2 + 2*q**2 - 2. Calculate f(z).
-30
Suppose 1557 = -35*j + 1802. Let c(k) be the first derivative of 3*k**2/2 - 5*k - 3. Give c(j).
16
Let o be ((-7)/(-5) + -2)/((-14)/70). Suppose 0 = -5*m - 27 + 42. Let n(r) = -19*r + 4 + m + 18*r - 2*r**2 - 3. Determine n(o).
-17
Suppose 25*g + 9*g + 6 = 33*g. Let x(c) = 2*c**3 + 5*c**2 + 3*c - c**3 + 2*c + 2*c**2 - 1. What is x(g)?
5
Let s(p) = 3*p**2 + 2*p + 3. Let z(g) = 4*g**2 + 3 - 2 + 3 + 43*g - 42*g. Let q = 1 - -3. Let v(t) = q*z(t) - 5*s(t). What is v(5)?
-4
Suppose 2*y = 5*d + 126, -d = 4*y + 11 + 23. Let f = 33 + d. Let r(j) = -j**2 + 4 - f + 9 - 1. Determine r(-4).
-11
Let v(j) = j**3 + 2*j**2 - 2*j + 1. Let d(q) = 10*q + 38. Suppose 15*h + 40 = 5*h. Let s be d(h). What is v(s)?
5
Suppose -3*l = -2*w - 20, 4*l = -5*w - 1 - 3. Suppose 2*t - 3 - 5 = -d, d - t = -l. Let g(o) = o**3 + o**2 + 2. What is g(d)?
2
Let m = 321 + -326. Let g be (0 - (-16)/m) + (-21)/(-105). Let f(l) = l**3 + 5*l**2 + 5*l + 4. Calculate f(g).
7
Let p be 10/(-7) - 1414/(-98). Let x(k) = k**3 - 14*k**2 + 13*k + 22. Determine x(p).
22
Suppose 5*m + 270 + 125 = 0. Let v = m - -81. Let j(o) = -7*o + 15*o + 0 - 13*o - o**3 - 7 + 7*o**v. Determine j(6).
-1
Let n(s) = -3*s**2 + 5*s - 4. Suppose -187 = -4*k - 119. Suppose 5*u + 7 - k = 0. What is n(u)?
-6
Let g(a) = -3*a**2 - 35*a + 6. Let x(f) = -16*f**2 - 180*f + 34. Let o(s) = 11*g(s) - 2*x(s). Give o(-25).
-2
Let u = -9 + 11. Suppose 0 = -5*l - u*l + 1715. Let j(q) = q**2 - 246*q + 0*q**2 + l*q. Give j(-3).
12
Let j = -6526 - -6529. Let f(x) be the second derivative of 7*x + 0 + 1/2*x**2 - 7/6*x**j. What is f(2)?
-13
Let y(b) = 4*b - 9. Let c(s) = -s + 1. Let o(j) = 3*c(j) + y(j). Let f(l) = 5. Let w(g) = -2*f(g) - 3*o(g). What is w(3)?
-1
Let v(q) be the second derivative of -q**3/6 + 977*q. What is v(-3)?
3
Let g be ((-654)/1635)/(1 + (-32)/30). Let h(x) = x**2 - 11*x + 14. Determine h(g).
-16
Let m(q) = q**3 - 4*q**2 - 2*q - 19. Suppose -3*l - 4*j - 5 = 0, 5 = -2*l + 473*j - 476*j. Determine m(l).
-4
Let v(o) = o**2 + 29*o + 29. Let s(r) = r**3 + 12*r + 35. Let d be s(-3). Calculate v(d).
1
Let v(x) be the second derivative of 2*x**3/3 - 27*x**2 - 608*x. Calculate v(11).
-10
Let k = -86 - -85. Let d = k - -2. Let o(c) = d - 9*c + 4*c**3 + 8*c**2 - 9*c**3 + 5*c**3 + c**3. Calculate o(-9).
1
Suppose -346*l + 2256 = -64*l. Let t(m) = -4*m + 16 + 5*m - 2*m. Give t(l).
8
Let a = -3 - -7. Let u(q) = -8*q + q**2 + 6*q + q - a. Let g be (-12)/(-36) + (-1)/3. What is u(g)?
-4
Let p(b) = -4*b**2 - 9714700 + b**2 + 9714802 + 31*b. Give p(13).
-2
Let v(x) = 17*x**2 + 7*x**2 + 3*x**2 - 24 + 2*x**2 - 28*x**2. What is v(0)?
-24
Let n(q) = -2*q**2 + 82 - 51 + 3*q**2 - 3*q**2 - 48. Calculate n(0).
-17
Let o = -16 - -23. Let c(p) be the first derivative of 9/2*p**2 - 70 - 1/3*p**3 - 7*p. What is c(o)?
7
Let v(c) be the third derivative of c**5/15 + c**4/6 - 3*c**3 - 6819*c**2. Give v(2).
6
Let b = -367 - -3555. Let h(v) = v**2 - 3195*v + b*v + 2 + 1. What is h(7)?
3
Let a(f) = -2*f**3 - f**2 + 1. Let j(o) = -9*o**3 - 21*o**2 + 20*o + 10. Let c(p) = -4*a(p) + j(p). Determine c(-18).
-30
Let d = 6252 - 6250. Let n(g) be the first derivative of -3*g**d + 2*g - 1/3*g**3 + 15. Determine n(-6).
2
Let c(j) be the second derivative of -j**3/3 + 6*j**2 - j - 6. Let i be (-1)/(16/(-2) - (-639)/81). Give c(i).
-6
Let n(u) = -2*u**2 - 8*u + 1. Let f(a) = 2*a**2 + 9*a - 2. Let l be 1*-1 - (-15 + 0 - -6). Let o be (-23 + l)*(-1)/3. Let w(g) = o*n(g) + 4*f(g). What is w(-4)?
-19
Let o(m) = -8*m + 4. Let g(s) = -44*s + 11. Let c(a) = g(a) - 6*o(a). Calculate c(9).
23
Suppose 4*n + 4 = -5*s, 0 = 5*s - 0*n - 4*n - 4. Let p(j) = 3*j - 1 + 6 + 4 + s + 5. Calculate p(-6).
-4
Suppose 4*k - 2*z = -34, -13*k = -17*k + z - 35. Let w(m) = 5*m**2 + 16*m + 18. Let x(d) = 14*d**2 + 47*d + 56. Let i(p) = 11*w(p) - 4*x(p). What is i(k)?
1
Suppose 47 = 2*w - 0*w - 3*g, -5*w = 5*g - 155. Let o(s) = -26*s + 74*s - 9 - 24*s - w*s. Give o(-6).
15
Let l(z) = z**3 + z**2 - z. Let c be l(0). Let o = -1597 - -1599. Suppose o*h + 8 = -c*h. Let m(d) = d**3 + 3*d**2 - 4*d + 3. What is m(h)?
3
Let c(y) be the third derivative of -1/8*y**4 + 7/6*y**3 - 1/120*y**6 + 1/20*y**5 - 14*y**2 + 0 + y. What is c(3)?
-2
Let x = 4776 + -4768. Let f(i) = -2*i**2 + 20*i - 1. Calculate f(x).
31
Let c(f) = -3*f + 1. Let l = 77 + -78. Let s be ((-9)/(-3))/((-15)/20). Let n be l + (2 + -2)*s/(-8). Calculate c(n).
4
Suppose -d - 6 = -12. Suppose -l = -l + d*l. Let y be (1 - l)/(28/(-12) + 2). Let a(i) = i**3 + 3*i**2 + 2*i + 3. Determine a(y).
-3
Let b(s) = -9*s + 2. Let w(q) = -2*q + 32. Let x be w(10). Suppose -p + 1 = 3*o - 3*p, 0 = 3*p - x. Determine b(o).
-25
Let v(w) be the third derivative of 5*w**2 - 1/6*w**4 - 1/120*w**6 + 0*w - 1/2*w**3 + 19 - 1/30*w**5. Let u = 1 - 3. What is v(u)?
5
Let o(q) = -11*q**2 - 25*q - 7. Let a(j) be the first derivative of 4*j**3/3 + 9*j**2/2 + 2*j + 55. Let h(z) = -8*a(z) - 3*o(z). Give h(-5).
15
Let o(m) = m**2 + 13*m - 7. Let k be 13/(3/6*(-64 + 62)). Determine o(k).
-7
Let g(j) = 123*j - 6. Let t(k) = -4*k - 1. Let m(a) = 3*g(a) + 90*t(a). What is m(12)?
0
Let a = -31729 - -31719. Let y(u) = -u + 11. Calculate y(a).
21
Let p(s) be the second derivative of s**4/12 - 5*s**3/6 - 5*s**2/2 - 3*s. Let m(u) be the first derivative of p(u). Let c = -132 + 136. Give m(c).
3
Let w(v) be the first derivative of -3*v**2/2 + 2*v + 2. Let r = 562 - 517. Suppose -42*h + r*h + 4*g = 13, -3*g = h - 6. Calculate w(h).
-7
Let c(b) = -5*b**3 + 150*b**2 - 7*b + 223. Let y be c(30). Let o(m) = -6*m + 68. Give o(y).
-10
Let x(v) = -48 - 6*v - 53 - 57 - 62 + 218. Determine x(0).
-2
Let r be (10 - 3) + (1 - 1). Let z(m) = 70*m - 3. Let s(w) = 44*w - 1. Let j(a) = 3*s(a) - 2*z(a). Give j(r).
-53
Let i(p) = -p**3 + 6*p - 5. Let c be i(2). Let q(x) = -12*x - 5. Let o(g) = -11*g - 4. Let m(r) = 4*o(r) - 3*q(r). Calculate m(c).
7
Let z(u) = u**2 - 5*u + 3. Suppose -73 = -2*r - 0*r + 3*c, -c = -r + 38. Suppose -r*t = -38*t - 4*a - 17, 1 = -3*t - 5*a. What is z(t)?
-3
Let l be -1 + 0 - 6/1. Let g(z) be the third derivative of 5*z**4/24 + 5*z**3 + 27949*z**2. Give g(l).
-5
Suppose 6 = -3*x - 0*x. Let g be 0 + (-1 - (-4 + x)). Let t(w) = -17 + 1 + 10 + 1549*w**2 + 8*w - 1550*w**2. Determine t(g).
9
Let v(t) be the first derivative of -4*t**2 + 164*t - 3133. Give v(21).
-4
Let z(a) = -3*a - 3. Suppose -4*o + 6 = 18. Let r = -410 - -418. Let l(x) = -x - 1. Let d(j) = o*z(j) + r*l(j). Determine d(-5).
-4
Let x(j) = 2*j + 0*j + 2*j + 3 + j. Let n = -16 - -6. Let h(m) = -3*m - 34. Let q be h(n). What is x(q)?
-17
Let l(v) be the first derivative of v**5/60 - 5*v**4/24 + 2*v**3/3 - 12*v**2 - 42. Let r(m) be the second derivative of l(m). What is r(6)?
10
Let k = 6 - 22. Let y(q) = -3*q**2 - 47*q + 19. Let v be y(k). Let t(l) = l - 3*l + l + l**3 - 3*l**2 - 4*l + 3. Determine t(v).
-12
Let k(g) be the second derivative of -g**5/20 - g**4/3 + g**2 - 2674*g - 2. Let x be 76/(-18) + 6/27. Calculate k(x).
2
Let i(z) be the second derivative of -z**5/20 + 11*z**4/12 - 9*z**3/2 - z**2 + 5331*z. Give i(5).
13
Let b = -6075 - -6071. Let l(g) = -10*g - 21. Calculate l(b).
19
Suppose 18 + 7 = 3*c + 5*o, 0 = -4*c + o - 5. Let s(h) = -20*h + 7. Calculate s(c).
7
Let p(z) = -z**2 - 3*z - 16. Let f(g) = -130*g + 777. Let r be f(6). Determine p(r).
-16
Let g(y) = 4*y**2 + 11*y - 12. Let d(s) = -s**2 + 1. Let j(h) = 5*d(h) + g